{"id":369,"date":"2015-02-13T15:44:38","date_gmt":"2015-02-13T15:44:38","guid":{"rendered":"http:\/\/www.esmadrid.com\/mcb\/?page_id=369"},"modified":"2015-02-13T15:47:28","modified_gmt":"2015-02-13T15:47:28","slug":"condiciones-de-uso","status":"publish","type":"page","link":"https:\/\/www.esmadrid.com\/mcb\/condiciones-de-uso\/","title":{"rendered":"Condiciones de Uso"},"content":{"rendered":"<p><strong>MADRID DESTINO CULTURA TURISMO Y NEGOCIO<\/strong>\u00a0(en adelante, MADRID DESTINO), con CIF n\u00famero A-84073105 y domicilio social en Madrid, C\/Montalb\u00e1n 1, C.P. 28014, pone a disposici\u00f3n de todos los ciudadanos, visitantes y empresas del municipio de Madrid el portal esMADRID.com, en los t\u00e9rminos recogidos en las siguientes condiciones:<\/p>\n<h3>PRIMERA.- DEFINICI\u00d3N DE USUARIO<\/h3>\n<p>El acceso y\/o el uso de esMADRID.com otorga a quien lo realiza la condici\u00f3n de usuario del mismo, aceptando desde ese momento y sin reserva alguna las presentes Condiciones Generales, sin perjuicio de las Condiciones Particulares que pudiera establecer MADRID DESTINO para los usuarios registrados de MADRID DESTINO, o para la regulaci\u00f3n de determinados servicios y\/o contenidos.<\/p>\n<p>En caso de que el usuario sea menor de edad habr\u00e1 de obtener previamente permiso de sus padres, tutores o representantes legales, quienes ser\u00e1n considerados responsables a todos los efectos de todos los actos realizados por los menores a su cargo.<\/p>\n<h3>SEGUNDA.- OBLIGACIONES DEL USUARIO<\/h3>\n<p>El usuario se obliga a usar esMADRID.com conforme a la legalidad vigente, la buena fe, el orden p\u00fablico y los usos y costumbres generalmente aceptados.<\/p>\n<p>Asimismo, el usuario se obliga a no utilizar esMADRID.com con fines il\u00edcitos o lesivos para los derechos y\/o intereses de MADRID DESTINO, el Ayuntamiento de Madrid y\/o terceros, y a no causar perjuicios o impedir el normal funcionamiento de esMADRID.com.<\/p>\n<h3>TERCERA.- RESPONSABILIDAD DEL USUARIO<\/h3>\n<p>El uso que realice el usuario de esMADRID.com ser\u00e1 responsabilidad \u00fanica y exclusiva de \u00e9ste, manteniendo en todo caso indemne a MADRID DESTINO y\/o el Ayuntamiento de Madrid de cualquier da\u00f1o y\/o perjuicio que directa o indirectamente, la no observaci\u00f3n de las presentes Condiciones Generales por parte del usuario pudiera ocasionar al propio usuario o a terceros.<\/p>\n<p>En este sentido, MADRID DESTINO se reserva el derecho a denegar el acceso y\/o uso de esMADRID.com o de cualquiera de sus contenidos y\/o servicios, a cualquier usuario que hubiera incumplido las presentes Condiciones Generales. MADRID DESTINO perseguir\u00e1 el incumplimiento de las presentes condiciones as\u00ed como cualquier utilizaci\u00f3n indebida de esta web, ejerciendo todas las acciones civiles y penales que le puedan corresponder en derecho.<\/p>\n<h3>CUARTA.- RESPONSABILIDAD DE MADRID DESTINO<\/h3>\n<p>MADRID DESTINO presta los servicios a que se refiere las presentes condiciones de forma gratuita, sin perjuicio de lo cual, podr\u00e1 establecer precio a determinados servicios o productos ofrecidos, de lo cual informar\u00e1 oportunamente en las secciones destinadas a los mismos.<\/p>\n<p>MADRID DESTINO no se hace responsable de los da\u00f1os y\/o perjuicios de cualquier naturaleza que pudiera sufrir el usuario o un tercero derivados de:<\/p>\n<ul>\n<li>(I) la falta de disponibilidad, mantenimiento o efectivo funcionamiento de esMADRID.com, de sus servicios o de sus contenidos;<\/li>\n<li>(II) de la falta de utilidad, veracidad, adecuaci\u00f3n o validez de esMADRID.com, de sus servicios o de sus contenidos para satisfacer las necesidades o expectativas del usuario;<\/li>\n<li>(III) de que un tercero, quebrantando las medidas de seguridad establecidas por MADRID DESTINO, utilice esMADRID.com, sus contenidos o servicios para la remisi\u00f3n de virus, o acceda a realizar un tratamiento no autorizado de los datos almacenados por MADRID DESTINO;<\/li>\n<li>(IV) ni, en general, de cualquier uso de esMADRID.com, sus servicios y\/o contenidos que pudiera realizar el usuario o un tercero, en contra de las Condiciones de acceso y uso de los mismos establecidas por MADRID DESTINO.<\/li>\n<\/ul>\n<h3>QUINTA.- RESPONSABILIDAD DE TERCEROS. ANUNCIOS Y ENLACES<\/h3>\n<p><strong>Los dispositivos de enlace que MADRID DESTINO pone a disposici\u00f3n del usuario tienen como \u00fanica finalidad facilitar el acceso a otros contenidos y\/o servicios que pudieran ser de su inter\u00e9s, no estando \u00e9stos gestionados ni controlados por MADRID DESTINO. La inclusi\u00f3n de estos contenidos y\/o servicios no implicar\u00e1 ning\u00fan tipo de asociaci\u00f3n, fusi\u00f3n o participaci\u00f3n de MADRID DESTINO con las entidades conectadas.<\/strong><\/p>\n<p><strong>MADRID DESTINO no controla previamente, ni aprueba ni hace propios los contenidos, servicios, productos y cualquier clase de informaci\u00f3n de terceros, personas jur\u00eddicas o f\u00edsicas, recogidos en el Portal. Cualquier relaci\u00f3n contractual o extracontractual que, en su caso, se formalice con los anunciantes o terceras personas contactadas a trav\u00e9s de esmadrid.com, as\u00ed como la participaci\u00f3n en concursos, promociones, compraventa de bienes o servicios, se entienden realizados \u00fanica y exclusivamente entre el Usuario y el anunciante y\/o tercera persona.<\/strong><\/p>\n<p><strong>En consecuencia, MADRID DESTINO no asume ning\u00fan tipo de responsabilidad directa ni indirecta en relaci\u00f3n con la licitud, veracidad, utilidad, calidad o fiabilidad de los contenidos y\/o servicios que no est\u00e9n directamente gestionados o controlados por MADRID DESTINO, aunque \u00e9stos puedan ser accesibles a trav\u00e9s de esMADRID.com. El usuario acepta que MADRID DESTINO no tiene ning\u00fan tipo de responsabilidad sobre los da\u00f1os o perjuicios de cualquier naturaleza ocasionados con motivo de sus negociaciones, conversaciones y\/o relaciones contractuales o extracontractuales con los anunciantes o terceras personas f\u00edsicas o jur\u00eddicas contactadas a trav\u00e9s del Portal.<\/strong><\/p>\n<h3>SEXTA.- PROPIEDAD INTELECTUAL E INDUSTRIAL<\/h3>\n<p>Los contenidos que MADRID DESTINO pone a disposici\u00f3n del usuario est\u00e1n protegidos por los derechos de propiedad intelectual necesarios y han sido legalmente cedidos a los fines oportunos por los correspondientes titulares de los mismos.<\/p>\n<p>MADRID DESTINO autoriza el uso de los contenidos de esMADRID.com. para los fines expresamente previstos en el mismo o en las presentes Condiciones Generales, quedando prohibida cualquier tipo de reproducci\u00f3n, distribuci\u00f3n, modificaci\u00f3n o comunicaci\u00f3n p\u00fablica de los mismos ya sea \u00e9sta total o parcial, salvo autorizaci\u00f3n expresa y\/o en los casos autorizados por ley.<\/p>\n<p><strong>MADRID DESTINO por s\u00ed o como cesionaria, es titular de todos los derechos de propiedad intelectual e industrial de esta p\u00e1gina web, as\u00ed como de los elementos contenidos en el mismo (a t\u00edtulo enunciativo, im\u00e1genes, sonido, audio, v\u00eddeo, software o textos; marcas o logotipos, combinaciones de colores, estructura y dise\u00f1o, selecci\u00f3n de materiales usados, programas de ordenador necesarios para su funcionamiento, acceso y uso,\u00a0etc&#8230;)<\/strong>, quedando expresamente prohibido el uso o reproducci\u00f3n de los mismos m\u00e1s all\u00e1 de los expresamente previstos en las presentes Condiciones.<\/p>\n<p><strong>El usuario se compromete a respetar todos los derechos de Propiedad Intelectual e Industrial de dicha p\u00e1gina. Podr\u00e1 visualizar los elementos de la website e incluso imprimirlos, copiarlos y almacenarlos en el disco duro de su ordenador o en cualquier otro soporte f\u00edsico siempre y cuando sea, \u00fanica y exclusivamente, para su uso personal y privado, quedando, por tanto, terminantemente prohibida la transformaci\u00f3n, distribuci\u00f3n, comunicaci\u00f3n p\u00fablica, puesta a disposici\u00f3n o cualquier otra forma de explotaci\u00f3n, as\u00ed como su modificaci\u00f3n, alteraci\u00f3n o descompilaci\u00f3n. El usuario deber\u00e1 abstenerse de suprimir, alterar, eludir o manipular cualquier dispositivo de protecci\u00f3n o sistema de seguridad que estuviera instalado en el las p\u00e1ginas del portal de esMADRID.com.<\/strong><\/p>\n","protected":false},"excerpt":{"rendered":"<p>MADRID DESTINO CULTURA TURISMO Y NEGOCIO\u00a0(en adelante, MADRID DESTINO), con CIF n\u00famero A-84073105 y domicilio social en Madrid, C\/Montalb\u00e1n 1, C.P. 28014, pone a disposici\u00f3n de todos los ciudadanos, visitantes y empresas del municipio de Madrid el portal esMADRID.com, en los t\u00e9rminos recogidos en las siguientes condiciones: PRIMERA.- DEFINICI\u00d3N DE USUARIO El acceso y\/o el [&hellip;]<\/p>\n","protected":false},"author":1,"featured_media":0,"parent":0,"menu_order":100,"comment_status":"closed","ping_status":"closed","template":"","meta":{"_acf_changed":false,"footnotes":""},"class_list":["post-369","page","type-page","status-publish","hentry"],"acf":[],"yoast_head":"<!-- This site is optimized with the Yoast SEO plugin v27.3 - https:\/\/yoast.com\/product\/yoast-seo-wordpress\/ -->\n<title>Condiciones de Uso - Madrid Convention Bureau<\/title>\n<meta name=\"robots\" content=\"index, follow, max-snippet:-1, max-image-preview:large, max-video-preview:-1\" \/>\n<link rel=\"canonical\" href=\"https:\/\/www.esmadrid.com\/mcb\/condiciones-de-uso\/\" \/>\n<meta property=\"og:locale\" content=\"es_ES\" \/>\n<meta property=\"og:type\" content=\"article\" \/>\n<meta property=\"og:title\" content=\"Condiciones de Uso - Madrid Convention Bureau\" \/>\n<meta property=\"og:description\" content=\"MADRID DESTINO CULTURA TURISMO Y NEGOCIO\u00a0(en adelante, MADRID DESTINO), con CIF n\u00famero A-84073105 y domicilio social en Madrid, C\/Montalb\u00e1n 1, C.P. 28014, pone a disposici\u00f3n de todos los ciudadanos, visitantes y empresas del municipio de Madrid el portal esMADRID.com, en los t\u00e9rminos recogidos en las siguientes condiciones: PRIMERA.- DEFINICI\u00d3N DE USUARIO El acceso y\/o el [&hellip;]\" \/>\n<meta property=\"og:url\" content=\"https:\/\/www.esmadrid.com\/mcb\/condiciones-de-uso\/\" \/>\n<meta property=\"og:site_name\" content=\"Madrid Convention Bureau\" \/>\n<meta property=\"article:modified_time\" content=\"2015-02-13T15:47:28+00:00\" \/>\n<meta name=\"twitter:card\" content=\"summary_large_image\" \/>\n<meta name=\"twitter:label1\" content=\"Tiempo de lectura\" \/>\n\t<meta name=\"twitter:data1\" content=\"6 minutos\" \/>\n<script type=\"application\/ld+json\" class=\"yoast-schema-graph\">{\"@context\":\"https:\\\/\\\/schema.org\",\"@graph\":[{\"@type\":\"WebPage\",\"@id\":\"https:\\\/\\\/www.esmadrid.com\\\/mcb\\\/condiciones-de-uso\\\/\",\"url\":\"https:\\\/\\\/www.esmadrid.com\\\/mcb\\\/condiciones-de-uso\\\/\",\"name\":\"Condiciones de Uso - Madrid Convention Bureau\",\"isPartOf\":{\"@id\":\"https:\\\/\\\/www.esmadrid.com\\\/mcb\\\/#website\"},\"datePublished\":\"2015-02-13T15:44:38+00:00\",\"dateModified\":\"2015-02-13T15:47:28+00:00\",\"breadcrumb\":{\"@id\":\"https:\\\/\\\/www.esmadrid.com\\\/mcb\\\/condiciones-de-uso\\\/#breadcrumb\"},\"inLanguage\":\"es\",\"potentialAction\":[{\"@type\":\"ReadAction\",\"target\":[\"https:\\\/\\\/www.esmadrid.com\\\/mcb\\\/condiciones-de-uso\\\/\"]}]},{\"@type\":\"BreadcrumbList\",\"@id\":\"https:\\\/\\\/www.esmadrid.com\\\/mcb\\\/condiciones-de-uso\\\/#breadcrumb\",\"itemListElement\":[{\"@type\":\"ListItem\",\"position\":1,\"name\":\"Portada\",\"item\":\"https:\\\/\\\/www.esmadrid.com\\\/mcb\\\/\"},{\"@type\":\"ListItem\",\"position\":2,\"name\":\"Condiciones de Uso\"}]},{\"@type\":\"WebSite\",\"@id\":\"https:\\\/\\\/www.esmadrid.com\\\/mcb\\\/#website\",\"url\":\"https:\\\/\\\/www.esmadrid.com\\\/mcb\\\/\",\"name\":\"Madrid Convention Bureau\",\"description\":\"Madrid Convention Bureau cuenta con un Equipo de profesionales que le asesorar\u00e1 sobre los mejores espacios y proveedores de servicios del sector MICE\",\"potentialAction\":[{\"@type\":\"SearchAction\",\"target\":{\"@type\":\"EntryPoint\",\"urlTemplate\":\"https:\\\/\\\/www.esmadrid.com\\\/mcb\\\/?s={search_term_string}\"},\"query-input\":{\"@type\":\"PropertyValueSpecification\",\"valueRequired\":true,\"valueName\":\"search_term_string\"}}],\"inLanguage\":\"es\"}]}<\/script>\n<!-- \/ Yoast SEO plugin. -->","yoast_head_json":{"title":"Condiciones de Uso - Madrid Convention Bureau","robots":{"index":"index","follow":"follow","max-snippet":"max-snippet:-1","max-image-preview":"max-image-preview:large","max-video-preview":"max-video-preview:-1"},"canonical":"https:\/\/www.esmadrid.com\/mcb\/condiciones-de-uso\/","og_locale":"es_ES","og_type":"article","og_title":"Condiciones de Uso - Madrid Convention Bureau","og_description":"MADRID DESTINO CULTURA TURISMO Y NEGOCIO\u00a0(en adelante, MADRID DESTINO), con CIF n\u00famero A-84073105 y domicilio social en Madrid, C\/Montalb\u00e1n 1, C.P. 28014, pone a disposici\u00f3n de todos los ciudadanos, visitantes y empresas del municipio de Madrid el portal esMADRID.com, en los t\u00e9rminos recogidos en las siguientes condiciones: PRIMERA.- DEFINICI\u00d3N DE USUARIO El acceso y\/o el [&hellip;]","og_url":"https:\/\/www.esmadrid.com\/mcb\/condiciones-de-uso\/","og_site_name":"Madrid Convention Bureau","article_modified_time":"2015-02-13T15:47:28+00:00","twitter_card":"summary_large_image","twitter_misc":{"Tiempo de lectura":"6 minutos"},"schema":{"@context":"https:\/\/schema.org","@graph":[{"@type":"WebPage","@id":"https:\/\/www.esmadrid.com\/mcb\/condiciones-de-uso\/","url":"https:\/\/www.esmadrid.com\/mcb\/condiciones-de-uso\/","name":"Condiciones de Uso - Madrid Convention Bureau","isPartOf":{"@id":"https:\/\/www.esmadrid.com\/mcb\/#website"},"datePublished":"2015-02-13T15:44:38+00:00","dateModified":"2015-02-13T15:47:28+00:00","breadcrumb":{"@id":"https:\/\/www.esmadrid.com\/mcb\/condiciones-de-uso\/#breadcrumb"},"inLanguage":"es","potentialAction":[{"@type":"ReadAction","target":["https:\/\/www.esmadrid.com\/mcb\/condiciones-de-uso\/"]}]},{"@type":"BreadcrumbList","@id":"https:\/\/www.esmadrid.com\/mcb\/condiciones-de-uso\/#breadcrumb","itemListElement":[{"@type":"ListItem","position":1,"name":"Portada","item":"https:\/\/www.esmadrid.com\/mcb\/"},{"@type":"ListItem","position":2,"name":"Condiciones de Uso"}]},{"@type":"WebSite","@id":"https:\/\/www.esmadrid.com\/mcb\/#website","url":"https:\/\/www.esmadrid.com\/mcb\/","name":"Madrid Convention Bureau","description":"Madrid Convention Bureau cuenta con un Equipo de profesionales que le asesorar\u00e1 sobre los mejores espacios y proveedores de servicios del sector MICE","potentialAction":[{"@type":"SearchAction","target":{"@type":"EntryPoint","urlTemplate":"https:\/\/www.esmadrid.com\/mcb\/?s={search_term_string}"},"query-input":{"@type":"PropertyValueSpecification","valueRequired":true,"valueName":"search_term_string"}}],"inLanguage":"es"}]}},"_links":{"self":[{"href":"https:\/\/www.esmadrid.com\/mcb\/wp-json\/wp\/v2\/pages\/369","targetHints":{"allow":["GET"]}}],"collection":[{"href":"https:\/\/www.esmadrid.com\/mcb\/wp-json\/wp\/v2\/pages"}],"about":[{"href":"https:\/\/www.esmadrid.com\/mcb\/wp-json\/wp\/v2\/types\/page"}],"author":[{"embeddable":true,"href":"https:\/\/www.esmadrid.com\/mcb\/wp-json\/wp\/v2\/users\/1"}],"replies":[{"embeddable":true,"href":"https:\/\/www.esmadrid.com\/mcb\/wp-json\/wp\/v2\/comments?post=369"}],"version-history":[{"count":3,"href":"https:\/\/www.esmadrid.com\/mcb\/wp-json\/wp\/v2\/pages\/369\/revisions"}],"predecessor-version":[{"id":373,"href":"https:\/\/www.esmadrid.com\/mcb\/wp-json\/wp\/v2\/pages\/369\/revisions\/373"}],"wp:attachment":[{"href":"https:\/\/www.esmadrid.com\/mcb\/wp-json\/wp\/v2\/media?parent=369"}],"curies":[{"name":"wp","href":"https:\/\/api.w.org\/{rel}","templated":true}]}}