{"version":"1.0","provider_name":"Madrid Convention Bureau","provider_url":"https:\/\/www.esmadrid.com\/mcb","author_name":"editor","author_url":"https:\/\/www.esmadrid.com\/mcb\/author\/editor\/","title":"Aerol\u00edneas y nuevas rutas - Madrid Convention Bureau","type":"rich","width":600,"height":338,"html":"<blockquote class=\"wp-embedded-content\" data-secret=\"DE1D0NNkd0\"><a href=\"https:\/\/www.esmadrid.com\/mcb\/novedades\/aerolineas-y-nuevas-rutas\/\">Aerol\u00edneas y nuevas rutas<\/a><\/blockquote><iframe sandbox=\"allow-scripts\" security=\"restricted\" src=\"https:\/\/www.esmadrid.com\/mcb\/novedades\/aerolineas-y-nuevas-rutas\/embed\/#?secret=DE1D0NNkd0\" width=\"600\" height=\"338\" title=\"\u00abAerol\u00edneas y nuevas rutas\u00bb \u2014 Madrid Convention Bureau\" data-secret=\"DE1D0NNkd0\" frameborder=\"0\" marginwidth=\"0\" marginheight=\"0\" scrolling=\"no\" class=\"wp-embedded-content\"><\/iframe><script>\n\/*! This file is auto-generated *\/\n!function(d,l){\"use strict\";l.querySelector&&d.addEventListener&&\"undefined\"!=typeof URL&&(d.wp=d.wp||{},d.wp.receiveEmbedMessage||(d.wp.receiveEmbedMessage=function(e){var t=e.data;if((t||t.secret||t.message||t.value)&&!\/[^a-zA-Z0-9]\/.test(t.secret)){for(var s,r,n,a=l.querySelectorAll('iframe[data-secret=\"'+t.secret+'\"]'),o=l.querySelectorAll('blockquote[data-secret=\"'+t.secret+'\"]'),c=new RegExp(\"^https?:$\",\"i\"),i=0;i<o.length;i++)o[i].style.display=\"none\";for(i=0;i<a.length;i++)s=a[i],e.source===s.contentWindow&&(s.removeAttribute(\"style\"),\"height\"===t.message?(1e3<(r=parseInt(t.value,10))?r=1e3:~~r<200&&(r=200),s.height=r):\"link\"===t.message&&(r=new URL(s.getAttribute(\"src\")),n=new URL(t.value),c.test(n.protocol))&&n.host===r.host&&l.activeElement===s&&(d.top.location.href=t.value))}},d.addEventListener(\"message\",d.wp.receiveEmbedMessage,!1),l.addEventListener(\"DOMContentLoaded\",function(){for(var e,t,s=l.querySelectorAll(\"iframe.wp-embedded-content\"),r=0;r<s.length;r++)(t=(e=s[r]).getAttribute(\"data-secret\"))||(t=Math.random().toString(36).substring(2,12),e.src+=\"#?secret=\"+t,e.setAttribute(\"data-secret\",t)),e.contentWindow.postMessage({message:\"ready\",secret:t},\"*\")},!1)))}(window,document);\n\/\/# sourceURL=https:\/\/www.esmadrid.com\/mcb\/wp-includes\/js\/wp-embed.min.js\n<\/script>\n","thumbnail_url":"https:\/\/www.esmadrid.com\/mcb\/wp-content\/uploads\/2015\/09\/Aeropuerto.jpg","thumbnail_width":540,"thumbnail_height":300,"description":"&nbsp; \u00a0Iberia inaugura la ruta entre Madrid-Madeira y Madrid-Medell\u00edn Iberia inaugur\u00f3 el pasado mes de julio, una nueva ruta entre Espa\u00f1a y Portugal, uniendo Madrid y Funchal, capital de la isla portuguesa de Madeira. Este verano 2015, en total, el Grupo Iberia ofrecer\u00e1 en sus vuelos entre los dos pa\u00edses ib\u00e9ricos m\u00e1s de 710.000 asientos, [&hellip;]"}

Aerolíneas y nuevas rutas - Madrid Convention Bureau

<blockquote class="wp-embedded-content" data-secret="DE1D0NNkd0"><a href="https://www.esmadrid.com/mcb/novedades/aerolineas-y-nuevas-rutas/">Aerolíneas y nuevas rutas</a></blockquote><iframe sandbox="allow-scripts" security="restricted" src="https://www.esmadrid.com/mcb/novedades/aerolineas-y-nuevas-rutas/embed/#?secret=DE1D0NNkd0" width="600" height="338" title="«Aerolíneas y nuevas rutas» — Madrid Convention Bureau" data-secret="DE1D0NNkd0" frameborder="0" marginwidth="0" marginheight="0" scrolling="no" class="wp-embedded-content"></iframe><script>
/*! This file is auto-generated */
!function(d,l){"use strict";l.querySelector&&d.addEventListener&&"undefined"!=typeof URL&&(d.wp=d.wp||{},d.wp.receiveEmbedMessage||(d.wp.receiveEmbedMessage=function(e){var t=e.data;if((t||t.secret||t.message||t.value)&&!/[^a-zA-Z0-9]/.test(t.secret)){for(var s,r,n,a=l.querySelectorAll('iframe[data-secret="'+t.secret+'"]'),o=l.querySelectorAll('blockquote[data-secret="'+t.secret+'"]'),c=new RegExp("^https?:$","i"),i=0;i<o.length;i++)o[i].style.display="none";for(i=0;i<a.length;i++)s=a[i],e.source===s.contentWindow&&(s.removeAttribute("style"),"height"===t.message?(1e3<(r=parseInt(t.value,10))?r=1e3:~~r<200&&(r=200),s.height=r):"link"===t.message&&(r=new URL(s.getAttribute("src")),n=new URL(t.value),c.test(n.protocol))&&n.host===r.host&&l.activeElement===s&&(d.top.location.href=t.value))}},d.addEventListener("message",d.wp.receiveEmbedMessage,!1),l.addEventListener("DOMContentLoaded",function(){for(var e,t,s=l.querySelectorAll("iframe.wp-embedded-content"),r=0;r<s.length;r++)(t=(e=s[r]).getAttribute("data-secret"))||(t=Math.random().toString(36).substring(2,12),e.src+="#?secret="+t,e.setAttribute("data-secret",t)),e.contentWindow.postMessage({message:"ready",secret:t},"*")},!1)))}(window,document);
//# sourceURL=https://www.esmadrid.com/mcb/wp-includes/js/wp-embed.min.js
</script>

&nbsp;  Iberia inaugura la ruta entre Madrid-Madeira y Madrid-Medellín Iberia inauguró el pasado mes de julio, una nueva ruta entre España y Portugal, uniendo Madrid y Funchal, capital de la isla portuguesa de Madeira. Este verano 2015, en total, el Grupo Iberia ofrecerá en sus vuelos entre los dos países ibéricos más de 710.000 asientos, [&hellip;]
